= 2495 - 640. Let d = -999 + q. List the prime factors of d.
2, 107
Let d(g) = -2397*g**2 + 15*g - 10. Let j(o) = -1198*o**2 + 5*o - 5. Let t(y) = 2*d(y) - 5*j(y). List the prime factors of t(-1).
2, 13, 23
Let v = 16526 - 11502. List the prime factors of v.
2, 157
Let s(j) = 76*j**2 + 118*j - 45. What are the prime factors of s(8)?
3, 17, 113
Suppose -5*g - w = -107588, -21529 = -g + 267*w - 271*w. List the prime factors of g.
21517
Suppose 62*i + 22*i - 322728 = 0. What are the prime factors of i?
2, 17, 113
Let z(x) = 824*x**2 - 9*x - 154. What are the prime factors of z(7)?
7, 5737
Let x be -6 - -2 - (-7)/(63/81). Suppose x*f - 3*f = 606. List the prime factors of f.
3, 101
Let q(g) = -2*g - 10*g - 24*g - 70. List the prime factors of q(-9).
2, 127
Let u(a) = 2*a**3 + 33*a**2 + 31*a - 107. Let s(t) = t**3 + 32*t**2 + 33*t - 107. Let v(k) = -3*s(k) + 2*u(k). List the prime factors of v(32).
971
Suppose 3*w - 85 = 521. Suppose -w + 197 = x. What are the prime factors of x*(0 + -14*3)?
2, 3, 5, 7
Suppose -19*j + 22729 + 36313 = 3885. List the prime factors of j.
2903
Let c(i) = -112619*i + 7*i**2 + 112613*i + 13 + 55*i**2. List the prime factors of c(3).
7, 79
Let r(c) = c**2 - 38*c + 102. Let b be r(-21). Suppose -4*f = -5*z + 4228, -2*f = -z - 493 + b. List the prime factors of z.
2, 211
Let m(v) = -532*v**3 + 7*v**2 - 41*v + 1. What are the prime factors of m(-3)?
14551
Let w(t) = 677*t + 63. List the prime factors of w(4).
17, 163
Let s be 27 + -11 - (4 - 0). Let l = s + 3. What are the prime factors of l?
3, 5
Let n be (-129354)/24 - (-5)/(-20). What are the prime factors of n/147*(-276)/10?
2, 11, 23
List the prime factors of ((-17 - -18) + 301)/(((-2)/(-99))/1).
3, 11, 151
Suppose 1093524 = 145*h + 249624. List the prime factors of h.
2, 3, 5, 97
Let i(p) = -6*p**2 + 18*p + 36. Let h(s) = 1. Let j(c) = 6*h(c) - i(c). List the prime factors of j(8).
2, 3, 5, 7
Let m = 66967 + -46051. What are the prime factors of m?
2, 3, 7, 83
Let m be 23/3 + (-16)/24. Suppose 4*y = m + 13. Let w(i) = -i**3 + 4*i**2 + 7*i - 2. List the prime factors of w(y).
2
Let f(a) = -74*a + 30. Let t = -63 - -61. What are the prime factors of f(t)?
2, 89
Let p(y) = 50*y + 61. Let v(t) = 2*t. Let z(j) = -p(j) + 6*v(j). List the prime factors of z(-8).
3
Let t(r) = r**3 - 3*r**2 - 3*r + 12. Suppose 2*g - k - 7 = 0, -4*g = 3*k - 0*k - 19. Let b be t(g). List the prime factors of 526/b + (-9)/(-72).
3, 11
Let z = -569 + 569. Suppose 2*i - 3*w - 10 = 0, -10 = -i - 5*w + 8. Suppose -i*r + z*r = -568. List the prime factors of r.
71
Let r(a) = 9*a + 1. Let u be r(1). Suppose -u*f + 2*f = -16. Suppose -w - f*w + 2*o + 347 = 0, 2*o = -4*w + 444. List the prime factors of w.
113
Let k be (-1374)/(5 + -2) - -8. Let r = k - -710. List the prime factors of r.
2, 5, 13
Suppose -5*l + 5*t = -20, 3*l + 5*t + 0*t = -4. Suppose -l*b + 17*z + 782 = 12*z, 3*b = -3*z + 1215. What are the prime factors of b?
401
Suppose -83401 = -60*s + 543525 + 80954. List the prime factors of s.
2, 17, 347
Suppose -158956 = -31*b - 67*b. List the prime factors of b.
2, 811
Suppose h + 1546 = 3*v, -5*h + 0*h = v - 542. Suppose 0 = 4*u - 3*d - v, -5*u = 4*d - 475 - 210. Suppose u + 53 = f. List the prime factors of f.
2, 3, 31
Let s = 12523 - 12526. Let d(v) = -14*v - 13*v + 25 - 25*v. List the prime factors of d(s).
181
Let c be 18/((-18)/(-3)) + 6. Suppose -15*w - 3*n = -18*w + 279, 0 = 3*n + c. List the prime factors of w.
2, 3, 5
Let v(j) = j**2 + 6*j - 5. Suppose 4*x - 16 = 0, -5*o - x - 50 = -6*x. Let h be v(o). What are the prime factors of 2/h + 0 - (-31556)/140?
3, 5
Let b be 1 - (-6 + 3 + -1). Suppose -3*h - o = -46, b*h - 4*o - 90 = -3*o. What are the prime factors of h?
17
Let y = -3899 - -10879. What are the prime factors of y?
2, 5, 349
Let y = -4639 + 9079. List the prime factors of y.
2, 3, 5, 37
Let m be (-2)/(-3) + ((-7432)/(-12) - -6). Suppose 4*g = 66 - m. Let o = g + 362. What are the prime factors of o?
2, 3, 37
Let f be (-112)/140 - ((-14)/5 + -1). Suppose 0 = -2*j - 10, f*z - 2*j = z + 460. Let d = z + -81. What are the prime factors of d?
2, 3
Let p = 1248 - 695. Suppose -s + 4*q + p = 0, -s = 3*q - 0*q - 581. What are the prime factors of s?
569
Let h(p) = -p**3 - 4*p**2 + 2*p - 184. List the prime factors of h(-11).
641
Let s(p) = -2*p + 109. Let h be s(-36). Suppose h + 1259 = 2*y. What are the prime factors of y?
2, 3, 5
Let i be 6/(-8)*2*(-15610)/105. Let t = 542 - i. List the prime factors of t.
11, 29
Let j(c) = -65*c**3 - 3*c + 1. Let r be j(2). Let t = r + 1227. What are the prime factors of t?
2, 3, 13
Suppose 331*l - 315*l - 1792 = 0. Let x = -89 + 36. Let u = l + x. What are the prime factors of u?
59
Suppose 0*p + p - 134 = 2*t, -4*t - 268 = 2*p. Let f = t + 635. Suppose 0 = -0*j - 8*j + f. What are the prime factors of j?
71
What are the prime factors of (-39*6/27)/(22/(-162822))?
2, 13, 2467
Let k(u) = 6*u + 2. Let w be k(3). Let i(r) = 66*r - 90. Let o(h) = -36*h + 47. Let z(q) = 5*i(q) + 9*o(q). What are the prime factors of z(w)?
3, 31
Suppose p + 5*x = -241, -3*p + x = -0*p + 643. Let c = 290 - p. What are the prime factors of c?
2, 11, 23
Let u(a) = -344*a + 4937. What are the prime factors of u(-58)?
24889
Let n(x) = -2*x**3 - 18*x**2 - x + 6. Let s be n(-9). Suppose -11*w - 588 = -s*w. What are the prime factors of w + -4 + -4 + (-1)/(-1)?
2, 5, 7
Let h = 63 + -59. Suppose -1420 = -3*w - w + h*s, 5*w - 1740 = -2*s. Suppose 2*x - 145 = p, -4*p + 9*p + w = 5*x. What are the prime factors of x?
3, 5
Let p = 605 + -1013. Let s = 681 - p. List the prime factors of s.
3, 11
List the prime factors of (-40)/(-140) - (-232256)/112.
2, 17, 61
Suppose -6*i + 2*i + 2*u = -20, 3*i - 16 = 2*u. Suppose -3*d + i*a + 1067 = 0, -5*a + 131 = d - 250. List the prime factors of d.
19
Let z = -413 - -174. Let g = -46 - z. Let o = -85 + g. List the prime factors of o.
2, 3
Suppose 2041 = s + 18*v - 14*v, -2*v = -5*s + 10271. Suppose 0 = -5*h + f - 5*f + 2567, -3*f = 4*h - s. List the prime factors of h.
7, 73
Let a = 2 + -128. What are the prime factors of a/8*8/(-6)?
3, 7
Let w(a) = -a - 6. Let c be w(-12). Suppose -3*z - 5*o = -187 - 158, -2*o - c = 0. Suppose 0 = d - 6*d + z. List the prime factors of d.
2, 3
Suppose 101 + 129 = 5*q. Suppose -3*a - q = 2*c, 0 = 2*a + 3 + 1. Let i = c + 136. List the prime factors of i.
2, 29
Let d be 11 - (-4 + 7 - 6). Suppose -4*v + d*v - 1160 = 0. List the prime factors of v.
2, 29
Let m(x) = 640*x - 336. What are the prime factors of m(11)?
2, 419
Suppose 10444 + 1476 = 10*u. Suppose -u = -4*w - 4*c, 879 = 5*w - 5*c - 661. What are the prime factors of w?
3, 101
Let h(s) = -1536*s - 631. List the prime factors of h(-6).
5, 17, 101
Suppose -2*u - 3 = -23. Let q(s) = 4*s + 16 + u*s + 0*s + 4*s. List the prime factors of q(12).
2, 29
Suppose -n = -w + 3042, 103*n - 3039 = -w + 107*n. What are the prime factors of w?
17, 179
Suppose -46*l = -42*l - b - 23, 16 = 3*l - 2*b. Suppose 6*y + l*y = 3552. List the prime factors of y.
2, 37
Suppose -10*j + 3093 = -1427. Suppose 2*r - 458 = 2*g, -2*g - j = -2*r + 2*g. Suppose -o = 3*v - 54, 0*o + 4*o - 4*v - r = 0. What are the prime factors of o?
3, 19
Let f(t) = 5297*t**2 + 2*t - 3. What are the prime factors of f(1)?
2, 331
Let q be (-602)/(-42) - (-2)/(-6). Let x be (-298)/(-3)*21/q. Suppose 6*l - 4*l = 3*p - 221, -2*p + l = -x. What are the prime factors of p?
7, 11
Suppose -9*v = -7*v + 180. What are the prime factors of (-6)/v - (-180740)/150?
5, 241
Suppose -4*s + x + 22553 = 0, -s + 15*x - 12*x = -5652. What are the prime factors of s?
3, 1879
Let c be 6828/(-10) + (209/55 - 3). Let j = c + 1010. What are the prime factors of j?
2, 41
Suppose 0 = 5*h + 4*u - 1659, -u + 1078 = 3*h + 77. Let a = 476 - h. List the prime factors of ((-2)/(-8) - (-8)/(-32)) + a.
3, 47
Let x be (2 - (1 + -3)) + 21. Suppose -6 = 22*p - x*p. Suppose p*q + 1937 = 15*q. What are the prime factors of q?
149
Let s(m) = 155*m - 8. Let c(g) = 2*g - 8. Let y be c(5). What are the prime factors of s(y)?
2, 151
Let i = -48888 - -69088. What are the prime factors of i?
2, 5, 101
Suppose -10 = -8*z + 3*z, -c = 3*z - 63882. List the prime factors of (-14)/(-91) - 7/((-273)/c).
2, 3, 7, 13
Let d = -4030 + 2320. Let l = -15 + -